t of 104613?
3
What is the millions digit of 3506738?
3
What is the ten millions digit of 12043564?
1
What is the tens digit of 25475370?
7
What is the hundreds digit of 179476?
4
What is the thousands digit of 25675155?
5
What is the tens digit of 27791259?
5
What is the tens digit of 146284?
8
What is the units digit of 48679?
9
What is the ten thousands digit of 205415?
0
What is the thousands digit of 196637?
6
What is the hundreds digit of 418085?
0
What is the ten thousands digit of 1261691?
6
What is the millions digit of 6714017?
6
What is the thousands digit of 3652485?
2
What is the ten thousands digit of 963367?
6
What is the thousands digit of 16281?
6
What is the ten thousands digit of 154291?
5
What is the ten thousands digit of 26297?
2
What is the millions digit of 22468177?
2
What is the ten thousands digit of 3223616?
2
What is the thousands digit of 52087?
2
What is the hundreds digit of 7981811?
8
What is the ten millions digit of 14546928?
1
What is the tens digit of 2852421?
2
What is the units digit of 1575732?
2
What is the millions digit of 3857124?
3
What is the hundred thousands digit of 1337082?
3
What is the ten thousands digit of 773013?
7
What is the thousands digit of 16839120?
9
What is the units digit of 18123764?
4
What is the units digit of 1253554?
4
What is the units digit of 209142?
2
What is the units digit of 2108920?
0
What is the thousands digit of 288649?
8
What is the hundred thousands digit of 9289105?
2
What is the hundreds digit of 302422?
4
What is the ten thousands digit of 232554?
3
What is the tens digit of 846804?
0
What is the hundred thousands digit of 896826?
8
What is the hundred thousands digit of 834443?
8
What is the hundreds digit of 18982253?
2
What is the units digit of 1836914?
4
What is the tens digit of 7907618?
1
What is the hundreds digit of 4521865?
8
What is the tens digit of 2094662?
6
What is the tens digit of 7588300?
0
What is the thousands digit of 130307?
0
What is the tens digit of 3669434?
3
What is the thousands digit of 539302?
9
What is the hundreds digit of 969105?
1
What is the ten thousands digit of 1390442?
9
What is the hundreds digit of 399225?
2
What is the units digit of 7106079?
9
What is the thousands digit of 4585642?
5
What is the hundred thousands digit of 788970?
7
What is the tens digit of 275698?
9
What is the ten thousands digit of 5568634?
6
What is the units digit of 271785?
5
What is the hundreds digit of 14674?
6
What is the millions digit of 5414925?
5
What is the tens digit of 8141536?
3
What is the ten thousands digit of 17221459?
2
What is the thousands digit of 14537865?
7
What is the tens digit of 692531?
3
What is the thousands digit of 2913166?
3
What is the ten thousands digit of 6801000?
0
What is the thousands digit of 5817079?
7
What is the tens digit of 1041495?
9
What is the units digit of 7785758?
8
What is the thousands digit of 202401?
2
What is the hundreds digit of 1558992?
9
What is the ten thousands digit of 75626?
7
What is the hundreds digit of 650475?
4
What is the tens digit of 5878322?
2
What is the thousands digit of 433925?
3
What is the ten thousands digit of 26250702?
5
What is the units digit of 104494?
4
What is the thousands digit of 12485131?
5
What is the hundred thousands digit of 15154693?
1
What is the hundreds digit of 1806197?
1
What is the units digit of 26744970?
0
What is the ten thousands digit of 295045?
9
What is the thousands digit of 761969?
1
What is the units digit of 1430597?
7
What is the thousands digit of 46760?
6
What is the hundreds digit of 21828126?
1
What is the units digit of 9759430?
0
What is the millions digit of 2565550?
2
What is the tens digit of 156235?
3
What is the thousands digit of 81984?
1
What is the ten thousands digit of 171749?
7
What is the hundreds digit of 204636?
6
What is the tens digit of 6107242?
4
What is the tens digit of 1281579?
7
What is the thousands digit of 2958206?
8
What is the hundreds digit of 736190?
1
What is the millions digit of 2933110?
2
What is the tens digit of 1439414?
1
What is the tens digit of 13620076?
7
What is the tens digit of 596479?
7
What is the hundreds digit of 7422657?
6
What is the units digit of 38623?
3
What is the tens digit of 8649467?
6
What is the millions digit of 1066611?
1
What is the hundreds digit of 4574782?
7
What is the hundred thousands digit of 709776?
7
What is the thousands digit of 3252806?
2
What is the hundreds digit of 1400131?
1
What is the units digit of 20622941?
1
What is the millions digit of 3174263?
3
What is the ten thousands digit of 1558157?
5
What is the millions digit of 12623527?
2
What is the hundreds digit of 305044?
0
What is the millions digit of 19326567?
9
What is the ten thousands digit of 7216336?
1
What is the thousands digit of 257131?
7
What is the units digit of 175573?
3
What is the thousands digit of 1626930?
6
What is the millions digit of 4292100?
4
What is the ten thousands digit of 247952?
4
What is the ten thousands digit of 260998?
6
What is the units digit of 4704574?
4
What is the units digit of 708707?
7
What is the hundreds digit of 433079?
0
What is the ten thousands digit of 861429?
6
What is the tens digit of 133770?
7
What is the ten thousands digit of 4133303?
3
What is the tens digit of 622443?
4
What is the units digit of 15553762?
2
What is the hundreds digit of 3635511?
5
What is the units digit of 4539374?
4
What is the thousands digit of 800580?
0
What is the tens digit of 4997972?
7
What is the hundred thousands digit of 4546516?
5
What is the hundred thousands digit of 346826?
3
What is the units digit of 2126179?
9
What is the thousands digit of 10237?
0
What is the hundreds digit of 132085?
0
What is the units digit of 575640?
0
What is the ten thousands digit of 278173?
7
What is the hundreds digit of 2839095?
0
What is the units digit of 1207708?
8
What is the hundred thousands digit of 580654?
5
What is the thousands digit of 286945?
6
What is the tens digit of 234196?
9
What is the tens digit of 357465?
6
What is the tens digit of 1566116?
1
What is the thousands digit of 3157005?
7
What is the hundreds digit of 166673?
6
What is the tens digit of 650461?
6
What is the hundred thousands digit of 7480163?
4
What is the thousands digit of 536642?
6
What is the ten thousands digit of 22405743?
0
What is the hundred thousands digit of 495784?
4
What is the units digit of 10834385?
5
What is the hundred thousands digit of 32174776?
1
What is the hundreds digit of 4815480?
4
What is the ten millions digit of 15102824?
1
What is the ten thousands digit of 6443306?
4
What is the tens digit of 1014?
1
What is the hundred thousands digit of 3628268?
6
What is the hundred thousands digit of 366948?
3
What is the units digit of 16265147?
7
What is the units digit of 232809?
9
What is the hundred thousands digit of 430727?
4
What is the units digit of 589972?
2
What is the ten thousands digit of 41722?
4
What is the millions digit of 26265513?
6
What is the hundred thousands digit of 3900700?
9
What is the hundred thousands digit of 5303086?
3
What is the hundred thousands digit of 133281?
1
What is the ten thousands digit of 13471712?
7
What is the millions digit of 1538766?
1
What is the hundred thousands digit of 668085?
6
What is the hundred thousands digit of 415001?
4
What is the hundreds digit of 379547?
5
What is the units digit of 118276?
6
What is the ten thousands digit of 1454794?
5
What is the hundreds digit of 9606085?
0
What is the tens digit of 355763?
6
What is the units digit of 355142?
2
What is the tens digit of 2405002?
0
What is the hundred thousands digit of 2809149?
8
What is the hundred thousands digit of 935540?
9
What is the hundreds digit of 16083584?
5
What is the thousands digit of 14798179?
8
What is the hundred thousands digit of 145243?
1
What is the thousands digit of 47749?
7
What is the units digit of 491743?
3
What is the tens digit of 687345?
4
What is the ten thousands digit of 200093?
0
What is the thousands digit of 2340062?
0
What is the units digit of 8145991?
1
What is the units digit of 4438325?
5
What is the thousands digit of 355006?
5
What is the ten thousands digit of 1286980?
8
What is the millions digit of 17